4/24 + 7*q**3/6 + 3*q**2. Let d be u(2). Let n = 96 + d. What is the tens digit of n?
5
Let s(v) = 35 - 6 + 11 - 10 - 12*v. What is the hundreds digit of s(-13)?
1
Let i be 4 + (6 - 4) + (-594)/(-11). Suppose -11*o + i = -3207. What is the units digit of o?
7
Let f be 18*(2 + 1 - (-25)/(-10)). Let z be (1 - (9 + -2))/(f/(-426)). Suppose -5*b + z = -b. What is the tens digit of b?
7
What is the ten thousands digit of 2800/60*(616 - 7)?
2
Suppose 7*k - 14 = 168. Suppose 23*j = k*j - 75. What is the tens digit of j?
2
Let q = -154 - -171. Suppose -q*h = -22*h + 2060. What is the units digit of h?
2
Let x(w) = 11 + w + w - w. Let d be x(-7). Suppose -p - 2*r = p - d, -p - 10 = 5*r. What is the units digit of p?
5
Suppose 0 = s - 177 - 47. Suppose -17*g + s = -13*g. What is the units digit of g?
6
Suppose -1715*y + 1722*y = 49. What is the tens digit of (-7 - (y + -17)) + 317?
2
Suppose 2*f = 4*f - 10, 0 = 2*z - 5*f + 45. Let a be (5 - 5634/15) + 4/z. Let d = a + 541. What is the hundreds digit of d?
1
Let d be -3 - (-3 + -19)*2285/5. Suppose d = 10*i + 9*i. What is the units digit of i?
9
Suppose -3*w + 3731 = -o - 18027, 14524 = 2*w + 2*o. What is the units digit of w?
5
Suppose -j - j = -8. Let g be j/12 - 2/6. Suppose g = n - 3*n + 126. What is the units digit of n?
3
Let k(p) = -1507 + 767 - 174*p + 765. What is the tens digit of k(-5)?
9
Suppose -17*x + 15797 = 4424. What is the units digit of x?
9
Let k(x) = 320*x + 1548. What is the hundreds digit of k(10)?
7
Let b(i) be the second derivative of 7*i**5/5 - i**4/4 + 7*i**3/6 - 5*i**2/2 + 41*i. What is the hundreds digit of b(2)?
2
Suppose -12 + 46 = 2*n. Let o(s) = -s**2 - 3*s + 2. Let i be o(4). Let h = n - i. What is the units digit of h?
3
Let n(r) = 170*r**2 - 521*r + 7. What is the hundreds digit of n(8)?
7
Let a(r) be the second derivative of -r**4/12 - 7*r**3/6 - 3*r**2 + 7*r. Let n be a(-9). What is the tens digit of 36/n*(-160)/6?
4
Let r = 90 + -88. What is the units digit of 265 - (r - (5 - 0))?
8
Suppose 10128*j - 328396 = 10090*j. What is the tens digit of j?
4
Let i = -78 - -100. Suppose 2*d = 2, -2*k + i = -2*d - 146. What is the tens digit of k?
8
Let b(g) = -2561*g + 201. What is the tens digit of b(-2)?
2
Suppose 5*w - 44*f - 12416 = -48*f, 5*w - 12422 = 2*f. What is the thousands digit of w?
2
Let r(m) = -m**3 - 18*m**2 + 49*m - 23. What is the units digit of r(-29)?
7
Suppose 0 = 3*v - 5*q - 125, 2*q + 209 = 4*v + 61. Let x = 332 + -238. Let o = x - v. What is the tens digit of o?
5
Let b(c) = 1730*c**2 - c + 2. Suppose l + 1 = y, 5*y - 7*y = 3*l + 8. What is the hundreds digit of b(y)?
7
What is the units digit of (-49)/196*-10226*2?
3
What is the units digit of 2701321/1127 + 8/92?
7
Let r = 119639 - 57387. What is the units digit of r?
2
Let u = 208 - 197. What is the units digit of (4 - 1) + u/((-99)/(-3753))?
0
Let m = 6596 - -5439. What is the thousands digit of m?
2
Let h = -6 + 0. Let f(w) = 41*w + 55. Let s(j) = 61*j + 84. Let r(k) = -8*f(k) + 5*s(k). What is the tens digit of r(h)?
1
Let z be ((-2344)/(-6))/((-36)/(-162)). Suppose -z = 3*j + 594. What is the units digit of 6/(-4)*j/12?
8
Let p = -3182 - -7096. What is the units digit of (-14)/42 - p/(-6)?
2
Let g be 12980/40 - ((-6)/(-4) + 0). Suppose 189 = -4*y - g. What is the tens digit of (318/(-8))/(24/y)?
1
Let n(z) be the first derivative of 3*z**2/2 + 26*z - 69. Let k = 25 + -9. What is the units digit of n(k)?
4
Suppose -100*x - 17136 = -124*x. What is the units digit of x?
4
Let o = 8694 + -1754. What is the units digit of o?
0
Suppose -61*k = -361126 - 852713. What is the tens digit of k?
9
What is the hundreds digit of (-260)/2990 + 494918/46 + 6?
7
Let y(o) = o**2 + o - 6. Let b be y(-2). Let v be (2 - (-16)/b)*(-921)/2. Suppose -v - 195 = -12*w. What is the units digit of w?
3
Let m = -41459 + 78989. What is the tens digit of m?
3
Let y(m) = -m**3 + 20*m**2 - 37*m + 21. Let g be y(18). Suppose s + a - 715 = 0, 0*s + 4*s - 2853 = g*a. What is the hundreds digit of s?
7
Suppose -11*z + 2831908 - 133908 = 60*z. What is the hundreds digit of z?
0
Suppose -24035 = 56*y - 48159 - 885820. What is the tens digit of y?
4
Suppose -4*f - 329 = 411. What is the hundreds digit of 36/((-6)/(-3) - (-360)/f)?
6
Suppose 3*f - 3 = -t - 29, 0 = -3*f - 5*t - 10. Let a be 9 + f + (3 - -1). What is the units digit of (-2 + a)/(1/31)?
1
What is the thousands digit of (-12 - 47)*(1 - 42*4)?
9
Let k(y) = 3*y + 10. Let n be k(5). Let m(j) = -459*j**3 + j**2 - 2*j + 1. Let d be m(-2). What is the hundreds digit of d/15 - 10/n?
2
Let p(l) = -l**3 - 5*l**2 + 5*l - 1. Let k be p(-6). Suppose -16 + k = -n. Suppose -n*a = -12*a + 57. What is the units digit of a?
7
Let c(k) = 702*k**2 - 934*k + 4705. What is the units digit of c(5)?
5
What is the ten thousands digit of (-66702)/(-18)*3*(3 + -2)?
1
Let w = -26678 - -39054. Suppose -w = -16*y + 2*y. What is the units digit of y?
4
Suppose -725 + 212 = -3*n. Suppose -104 = -5*a + n. Let l = -19 + a. What is the units digit of l?
6
Let a = 573 + -571. Suppose 0 = -2*v - 2*p + 210, -p = -4*v + a*v + 201. What is the units digit of v?
2
Suppose 184 = 2*r + 4*j, r + 5*j - 272 = -2*r. Let l = r - 83. What is the hundreds digit of (l - -1 - 0)/((-4)/(-262))?
1
Let u(g) = 38*g**2 - 33*g + 6. Let z be u(6). Let f = -156 + z. What is the thousands digit of f?
1
Suppose 3*a - 5*f = -9, -a + 3*f = 8*f - 17. Suppose -61 = -a*x + 45. Suppose 6*q - x = 43. What is the tens digit of q?
1
Let a = -67 + 127. Let n be 6/30 - (-328)/(-40). Let r = a - n. What is the units digit of r?
8
Let b = 225 + -228. What is the units digit of 1/(b/(-165) + 0) + 2?
7
Let z = 67 - 67. Suppose c - 2 = -z*c. Suppose c*b - 87 = 7. What is the tens digit of b?
4
What is the hundreds digit of (1 - 2) + 20534/((-16)/(-16))?
5
Suppose -6 - 4 = -5*q. Let m(s) = 3*s + s**2 + 5 + 9*s**q - s + s. What is the tens digit of m(-2)?
3
Suppose 4*p - 3 - 9 = 2*w, -9 = -5*p + 4*w. Suppose 5 = d - 2*y - 5, p*y = -4*d + 40. Suppose -d*s + 1410 = -10. What is the tens digit of s?
4
Suppose 6*n - 58229 - 40731 = 22666. What is the tens digit of n?
7
Suppose 2*y + 6 = 0, -q + 0*q = 3*y + 20. Let f = q + 14. Suppose 0 = -f*a + 10*a - 252. What is the units digit of a?
6
Let s(g) = -6*g - 78. Let l be s(-12). What is the units digit of l/(-39) - -7*1605/65?
3
Suppose 25*f + 66*f - 2*f = 1075031. What is the hundreds digit of f?
0
Let n(r) = r**3 - 10*r**2 - r - 6. Suppose 0*j = j - 11. Let i be n(j). Let f = i + -82. What is the tens digit of f?
2
Let i(p) = -p**3 + 7*p**2 - 8*p + 15. Let m be i(6). Suppose 5*o + 104 = r, 4*r + m*o - 512 = -o. What is the tens digit of -2 - r*(-5 - -4)?
2
Let o(i) = i - 3. Let m be o(-3). Let z(q) = 2*q**2 - 4*q + 17. Let s be z(m). Suppose -109*a - 752 = -s*a. What is the hundreds digit of a?
1
Let o be 12/((-180)/(-27) + -8). What is the hundreds digit of 17257/10 + o/(-30)?
7
Let u = -164 - -175. Suppose 0 = u*h - 1373 - 2180. What is the units digit of h?
3
Let f be 18/9*478/(-4). Let n = -86 - f. Suppose n = 3*z + 4*b, 2*b + 204 = -0*z + 4*z. What is the tens digit of z?
5
What is the thousands digit of -8 - 23/((-529)/276598)?
2
Let v = 10456 - 7145. What is the tens digit of v?
1
Let o be (1 - 10/4)/((-3)/(-4)). Let w(i) = -i. Let n be w(-2). What is the units digit of n*(o/5)/((-1)/80)?
4
Suppose 5*j = -5*w, 5*j - 7 + 9 = -4*w. Suppose -w - 9 = -11*a. What is the units digit of a?
1
Let i be 2602/4 - (-57)/(-114). Let b = i + 242. What is the units digit of b?
2
Suppose -4202*a + 66924 = -4191*a. What is the tens digit of a?
8
Let t(m) = -m**2 + 2*m. Let w(i) = -5*i**2 - 46*i + 55. Let r(f) = -3*t(f) + w(f). What is the units digit of r(-24)?
1
Suppose -668*y = -671*y - 960. Let q = 537 + y. What is the units digit of q?
7
Let l(k) be the third derivative of 5*k**4/24 + 55*k**3/6 - 7*k**2 - 4. What is the tens digit of l(-6)?
2
Suppose 9*o + 9980 = 19*o. Suppose 2*r - o = -4*t, 0*t - 2495 = -5*r + t. What is the units digit of r?
9
Suppose -81*m - 31*m = -m - 470085. What is the thousands digit of m?
4
Let x = 4382 + -7457. Let h be x/(-20) + (9/(-12))/1. Let z = h + -56. What is the units digit of z?
7
Let o = 1976 - -754. Suppose 6*z = 12*z - o. What is the tens digit of z?
5
Suppose 917*f 